u = 189 - 140. Calculate the remainder when 145 is divided by u.
47
Let c = -140 + 204. Suppose 5*w - c = 16. What is the remainder when 14 is divided by (6/4)/(6/w)?
2
Let l = -8 + 2. Calculate the remainder when (8/l)/(22/(-165)) is divided by 5.
0
Suppose -674 = -4*a + 2*c, -3*a - 5*c = 2*a - 805. Suppose 0*t - 3*t - 5*i + a = 0, -5*t - i = -240. Calculate the remainder when t is divided by 12.
11
Let t(v) = v**3 + 9*v**2 + 7*v + 11. Let g be t(-8). Let u = 336 + 15. Suppose g*o = 16*o + u. Calculate the remainder when o is divided by 40.
37
Let c be 30/4*(-4)/(-3). Suppose -21*p = -36*p + 870. Let s = p - c. What is the remainder when s is divided by 13?
9
Suppose 0 = 2*v + 2*b - 180, -4*v - 5*b = -282 - 74. Suppose v = 4*n + 34. What is the remainder when 40 is divided by n?
10
Suppose 5*q + 35 = 5*g, -6*g + 4*q + 17 = -3*g. Calculate the remainder when 31 is divided by g.
9
Let r = 5 + 13. Suppose -12 = -4*z + 5*t, z - t + 5*t = -r. What is the remainder when 33 is divided by -15*((-24)/(-20))/z?
6
Let p(i) = i**2 - 21*i + 32. Let g(d) = -2*d**3 - 7*d**2 + 4. Let r be g(-4). What is the remainder when p(r) is divided by 4?
0
Let w = 9 + -7. Suppose 0 = 4*s - 3*c - 127, -w*c + 142 = 3*s + s. What is the remainder when s is divided by 36/8*(-16)/(-6)?
10
Let r = 51 - 99. Let v = r - -59. What is the remainder when v is divided by 3?
2
Let h be (7 - 4)/1*35. Suppose 14*j - h = 9*j. Let i = -6 + j. Calculate the remainder when 56 is divided by i.
11
Let n = -18 - -92. What is the remainder when (-4 - -5)/(2/n) is divided by 20?
17
Let z = -942 - -968. Calculate the remainder when 180 is divided by z.
24
Suppose 13*p = 2*p + 451. Let g(q) = -q**2 + 10*q. Let y be g(5). Let w = y + -14. Calculate the remainder when p is divided by w.
8
Let c be (-104 - -5)*(-3)/9. Suppose 58 = 35*k - c*k. Calculate the remainder when k is divided by 5.
4
Let h(c) = -2*c + 10. Let r be h(14). What is the remainder when 4 is divided by 5/3 - 24/r?
1
Suppose 0 = -2*w + 573 - 269. Calculate the remainder when w is divided by (-2)/(-6) - (-152)/3.
50
Suppose -51 = 9*d + 48. Suppose 5*b - 15 = 0, 5*z - 3*b + 126 = -b. Let f = d - z. Calculate the remainder when 62 is divided by f.
10
Let d = 71 - 77. What is the remainder when (-21)/14*(-2)/d*-18 is divided by 2?
1
Suppose 2*k - 83 = -17. Calculate the remainder when k is divided by (-4)/6 + (-232)/(-24).
6
Let t(b) = -2*b**3 - 2*b**2 + 3*b + 2. Suppose 55 + 2 = 3*f. Suppose -3*p + 3 = 3*z, -5*z - p = -z - f. Calculate the remainder when z is divided by t(-2).
2
Let q = -4 - -11. Let o(r) = -r**3 - 8*r**2 + 7*r. Suppose -4*k = 3*z - 3*k + 28, 5*z - 3*k + 42 = 0. Calculate the remainder when o(z) is divided by q.
4
Let o(p) = p**3 - p - 18. Let w be o(0). Suppose 3*u + 3*g = 54, 0 = -5*u + 2*g + 3*g + 110. What is the remainder when u is divided by 3/w + (-387)/(-54)?
6
Suppose 0*q = 2*q - 50. Suppose -51*p + 13464 = 85*p. Calculate the remainder when p is divided by q.
24
Suppose 5*q = -5*f + 45, 5*q + 2*f - 57 = 3. Suppose 993 + 1132 = 85*l. What is the remainder when l is divided by q?
11
Let x(g) = g**2 - g + 3*g**3 - 2*g**3 + 6*g**2 - 1. Suppose 24*k = 5*r + 26*k - 89, 2*r = -k + 35. Calculate the remainder when r is divided by x(-7).
1
Let v(g) = 4*g**2 - 26*g - 36. Let c be v(12). Suppose 4*i - 7*i + c = 0. What is the remainder when i is divided by 22?
10
Suppose -4*g + 210 = 6*g. Calculate the remainder when 69 is divided by g.
6
Let w = 53 + -154. Let x = w - -168. What is the remainder when x is divided by 17?
16
Suppose 3 + 12 = -p - 5*v, -2*p + 45 = -5*v. Suppose 8*q = p*q - 14. Let g = 5 - -13. Calculate the remainder when g is divided by q.
4
Let h = -36 - 36. What is the remainder when 26 is divided by 1/6 + (-1068)/h?
11
Let j(a) = -9*a. Let c = 31 + -35. Calculate the remainder when 70 is divided by j(c).
34
Suppose 9*c - 20*c = -143. What is the remainder when 30 is divided by c?
4
Suppose 0 = o - s + 13, -3 = -o + 2*o - 3*s. What is the remainder when (o/(-12))/1*(-214)/(-3) is divided by 22?
19
Let x(k) = 5*k - 33. What is the remainder when 95 is divided by x(11)?
7
Let v = 24 - 32. Calculate the remainder when 161 is divided by 29 + (-15)/(-6)*v/10.
26
Suppose -4*b - b - 15 = 0. Suppose 4*g = 4*p + 52, -5*g + 4*p + 1 = -4*g. Calculate the remainder when (2/b)/(2/(-93)) is divided by g.
14
Let d = -65 + 69. Suppose -5*b = -4*p - 109, d*b - 92 = -0*b + 2*p. Calculate the remainder when 72 is divided by b.
22
Suppose -3*k - 5*j + 6 = -14, 2*k - 20 = -2*j. Suppose 4*i = 7*i + 117. Let w = -13 - i. What is the remainder when w is divided by k?
11
Let r = -192 + 294. Calculate the remainder when r is divided by 8.
6
Let i(b) = -b**3 + 6*b**2 + b - 3. Suppose 2*q + 5 = h - 1, 2*q - 6 = -h. What is the remainder when (11 + -2)*(88 + -87) is divided by i(h)?
0
Let s = 104 - 101. Suppose -b = -2*h - 30, 2*b + 2*h - 210 = -s*b. What is the remainder when 75 is divided by b?
35
Let i(k) = -k**2 + 34*k - 32. Let x be i(13). What is the remainder when (-25)/(-15) + x/3 is divided by 22?
16
Let s = -1990 - -2126. What is the remainder when s is divided by 23?
21
Suppose w = 5*c - 0*c - 33, 10 = 5*w. Suppose 0 = 5*k - 6*d + 3*d - 61, 0 = 5*k + 3*d - 49. What is the remainder when k is divided by c?
4
Suppose 5*l - 2*l = 45. Suppose -14*y - 7 = -l*y. Suppose 0 = 4*h - 29 - 43. What is the remainder when h is divided by y?
4
Suppose -3*j + 3 = 24. What is the remainder when j*10/(-6)*3 is divided by 13?
9
Suppose -4*j + 518 + 2 = 0. Let s = j - 115. Calculate the remainder when s is divided by 4.
3
Suppose 5*j = 171 - 51. Calculate the remainder when j is divided by 13.
11
Let p be 76/(-1) + 5 + 3 + -4. Let a = p + 73. Calculate the remainder when 9 is divided by a.
0
Suppose -3*r + 33 = f - 5*f, 0 = 3*r - f - 33. Let q = 16 - r. Calculate the remainder when 10 is divided by q.
0
Let c be 8 - (15/(-5))/3. Suppose -8*j - 11 = -c*j. Calculate the remainder when 53 is divided by j.
9
Suppose 6*w - 4*w - 10 = 0. Let a(x) = -10*x**3 + 2*x**2 + x + 2. Let t be a(2). Calculate the remainder when (-404)/(-34) - 8/t is divided by w.
2
Let p(s) = 2*s**2 - 84*s + 395. What is the remainder when 352 is divided by p(38)?
79
Let x(z) = z**2 + 2*z - 8. Let u(h) = -7*h**3 - h**2 - h - 1. Let g be u(-1). Calculate the remainder when x(-8) is divided by 1*-2 + 96/g.
12
Suppose m + 0*b - b - 28 = 0, -2*m + 5*b = -68. Suppose -y - 52 = -4*y - 5*h, y - m = -3*h. What is the remainder when 4 + 17 - (-5 - -1) is divided by y?
7
Let c = 1 - -1. Suppose 757 = 5*x - a, -48*x - 4*a = -43*x - 747. Calculate the remainder when x is divided by (c - 1) + (-37)/(-1).
37
Let c = -82 - -151. Suppose -c = -0*v - v. Suppose 0 = -2*z - 20 + 56. Calculate the remainder when v is divided by z.
15
Suppose -t - 267 = -431. Calculate the remainder when t is divided by 59.
46
Let s(r) = r + 13. What is the remainder when 33 is divided by s(-9)?
1
Let k(x) = x - 10. Let c be k(17). Suppose 0 = -2*w - u + c, -w + 0*w = -u + 1. Calculate the remainder when 7 is divided by w.
1
Let k = -81 - 61. Let c = 7 - k. Calculate the remainder when c is divided by 30.
29
Let o(y) = 4*y + 35. Let j be o(-5). Calculate the remainder when 1206/j + (-1)/((-25)/(-10)) is divided by 17.
12
Let n(f) = -f + 29. Let j(v) = 9*v**2 + v. Let s be j(1). What is the remainder when n(s) is divided by 5?
4
Let z(a) = 5*a**2 - 4*a + 22. Calculate the remainder when 99 is divided by z(4).
13
Suppose 8 = 4*z, -32 = -0*l - 2*l - 2*z. Let y(c) = -c**3 - 6*c**2 - 7*c - 5. Let d be y(-4). Let h = 13 + d. What is the remainder when l is divided by h?
2
Suppose -4*x = y - 119, x - 5*y - 19 + 5 = 0. What is the remainder when 115 is divided by x?
28
Let z = 7643 + -7618. Let m = 0 - -2. What is the remainder when z is divided by 8 + (4/m)/(-2)?
4
Suppose -o - 9*b + 17 = -11*b, 4*b + 56 = 4*o. What is the remainder when 15 is divided by o?
4
Let l(s) = -4*s**3 - 2*s**2 - 10*s + 1. What is the remainder when l(-4) is divided by 19?
18
Let k = 1506 - 585. What is the remainder when k is divided by 13?
11
Suppose 4*x + 5*u - 344 = -27, -5*x - 3*u + 380 = 0. Suppose r = 4 + 7. What is the remainder when x is divided by r?
7
Let j be (-8)/4 + 0 + -10. Calculate the remainder when (-10)/60 + (-5